the tens digit of u(r)?
1
Suppose 1 + 3 = 4*s, -w + 2 = -s. Suppose -t - g - 5 = 0, 0*t + w*g = -t - 3. What is the tens digit of 480/22 + t/(-33)?
2
Let u = 2186 + -1071. What is the hundreds digit of u?
1
Let y = -8 + 13. Suppose -4*h = -2*v - 20, -y*h - v = -2*v - 25. What is the tens digit of 53/h + 6/(-10)?
1
Suppose -3*z - l + 2 = -6*z, -3*l = -5*z - 6. Suppose -3*b - 2*u - 2 = z, -5*u - 28 = -b - 6. What is the units digit of (1 - 2/(-4))*b?
3
Let k(c) = -c + 25. Let z be k(11). Suppose -10*m = -z*m + 8. Suppose m*s - f = 85, -f = 2*s + 3*s - 195. What is the units digit of s?
0
Let k(s) = -35*s**3 + 3*s**2 - s + 7. What is the units digit of k(-3)?
2
Let h = 1948 + -1602. What is the hundreds digit of h?
3
Suppose -3*t = -r + 2*r - 38, 0 = -5*t - 2*r + 65. Let p = -5 - -5. Suppose p*q + t = q. What is the tens digit of q?
1
Let n be 2/2*(-2 - -3). Let k be -2 - (2 - n)*-2. Suppose k = -4*o - 2*l + 40, 0*l + 36 = 3*o + 3*l. What is the units digit of o?
8
Suppose 13640 = 43*r - 23*r. What is the hundreds digit of r?
6
Let t = -1306 - -3487. What is the tens digit of t?
8
What is the units digit of 1 - 79432/(-14) - 298/(-1043)?
5
Let k(v) = v**3 + v**2 - 10*v + 6. Suppose 0*w + 4*y = 2*w - 30, 5*w + 2*y = 15. What is the units digit of k(w)?
6
Suppose 15 = -0*l + l + 4*j, 4*l + 3*j - 21 = 0. Suppose l*u - 4*p - 8 = -2*p, -2*u + 3*p = -7. What is the units digit of 10 - 1 - 4/u?
7
Let v(z) = 40*z - 75. What is the tens digit of v(11)?
6
Let t(c) = 300*c + 36. What is the units digit of t(3)?
6
Suppose -6*z + 205 - 49 = 0. What is the tens digit of -3 + z + 0 + -3?
2
Let g(u) = u**2 - 8*u + 2. Let l = 7 + -4. Let r be 154/(-28)*(1 - l). What is the tens digit of g(r)?
3
Suppose 0 = -4*k - 8, x + 4 = -x - 3*k. Suppose -s - 3*t + 105 = 2*s, 4*s - 4*t = 172. Let g = s + x. What is the tens digit of g?
4
Let c = 2037 + -982. What is the tens digit of c?
5
Let b(m) = -22*m + 11. Let k(c) = 7*c + 60. Let s be k(-9). What is the tens digit of b(s)?
7
Let i be (-2)/(-3) + -3*123/27. Let c = i + 87. What is the units digit of c?
4
Suppose -2*y - 263 = -3*n, -69 = 4*n + 3*y - 397. Suppose 5*q - n = 100. Suppose 0 = 4*h - 187 - q. What is the tens digit of h?
5
Let n be (1*(-14)/10)/((-29)/(-145)). Let b(k) = -15 - 8*k + 2*k - k. What is the units digit of b(n)?
4
Let k(z) = -2*z**3 - z**2 + 18*z - 39. What is the units digit of k(-11)?
4
Let s be (6/(-4))/((-2)/4). Let q(a) = a - 1. Let v be q(s). Suppose -3*l = -p + v*l + 46, -4*p + 2*l + 112 = 0. What is the tens digit of p?
2
Suppose -3*l = 3*z - 1554 - 12675, -4*z - 2*l + 18964 = 0. What is the tens digit of z?
3
Suppose 1362 = 5*o + q, 2*o = -2*q + 903 - 355. What is the units digit of o?
2
Suppose -4*a - 2*d = -462, d = 4*a - 0*a - 459. Suppose 4*h - a = 253. What is the units digit of h?
2
Let m(i) = -3*i**2 + 9*i**3 - 8*i**3 - 3 - 2*i - 5 + i. Let j be m(4). Suppose j*u - 6 = 22. What is the units digit of u?
7
Let n(r) = 3*r**3 - 2*r**3 - 10*r + 28 - 25 + 7*r**2. Let i be n(-8). Suppose -c + 0 = -i. What is the tens digit of c?
1
Let r be ((-6)/(-4))/((-8)/(-16)). Suppose 3*y = z - 51, 4*z + 2*y = r*y + 226. Let w = 104 - z. What is the tens digit of w?
4
Suppose 9*d - 14*d + 15 = 0. Suppose -6*k - d*k + 324 = 0. What is the units digit of k?
6
Let v(p) = -4*p**3 - 2*p**2 - 2*p - 1. Let w be v(-1). Let i = -1339 + 1344. Suppose i*d = w*n + 326, 3*d - 210 = -0*d - 3*n. What is the units digit of d?
7
Suppose -3*y = x - 8, -4 = 2*x - 2. Suppose 3*z + y + 6 = 0. What is the tens digit of 4 + 164/(-12)*z?
4
Let q = 11 - -9. Suppose 3*c + 0 = -3, 3*n + 2*c + q = 0. What is the units digit of n/27 - 924/(-27)?
4
Suppose 7*r + 4 = 25. Let o = 7 - r. Suppose -o = 2*z, -3*f - 38 = -5*f - z. What is the tens digit of f?
2
Suppose -5*k = 8*k - 52. Let i(j) = 7*j**2 - 11. What is the hundreds digit of i(k)?
1
Let z = -39 - -42. Suppose 6*h - z*i - 596 = h, -i = -h + 120. What is the units digit of h?
8
Suppose -3*o = -5*j - 16, 4*j - 5*o + 10 = -j. What is the units digit of (33 - j)/(4/6)?
7
Suppose -4591 = -3*y + 4*x + x, -3*x = y - 1549. Suppose 16*r - y - 911 = 0. What is the tens digit of r?
5
Suppose -5*r = 20, -2*j - 44*r + 5464 = -45*r. What is the tens digit of j?
3
Let q be ((-2)/3 - 415/(-15)) + 0. Let z = q + 21. What is the units digit of z?
8
What is the units digit of (-11 - -7 - 2/(-4))*-158?
3
Suppose -2*s - 5*s - 70 = 0. What is the units digit of ((-8)/s)/(66/165)?
2
Let z(a) = 101*a**2 - 53*a + 242. What is the hundreds digit of z(5)?
5
Let g be 12/20 + (-1071)/(-15). Let r = 120 - g. What is the tens digit of r?
4
Let y(i) = -6 + 0 + 21*i**2 - 7*i - 22*i**2. Let s be y(-7). What is the units digit of -2 - (-83 + s/(-2))?
8
Let w(a) = 6*a**2 + 11. Let u be w(5). Suppose 0 = -5*g + 439 + u. What is the units digit of g?
0
Let d = 3088 - 1079. What is the tens digit of d?
0
Suppose n - 2253 = -o, 12*o = -2*n + 8*o + 4496. What is the tens digit of n?
5
Let f = 110 + -205. Let t = -51 - f. Suppose 2*s = u - 18 - t, 0 = 3*u - s - 176. What is the tens digit of u?
5
Suppose 29 = 4*q - 5*w, -w = -4*q + 5*q - 5. Suppose -2*r - r - q = 0. What is the units digit of ((-13)/3)/(r/6)?
3
Let u(o) = o + 4 - 2*o**2 + o**2 + 11*o - 17. What is the units digit of u(8)?
9
Suppose q + 2693 = i + 162, 10109 = 4*i - q. What is the thousands digit of i?
2
Let r be (-9)/3*(-24)/(-9). Let j = r + 35. Suppose j + 5 = o. What is the tens digit of o?
3
Let h(s) = 319*s + 18. What is the hundreds digit of h(1)?
3
Let z(j) = 7*j**2 + 8*j - 6. Let u(c) = -15*c**2 - 17*c + 13. Let r(w) = 3*u(w) + 7*z(w). What is the units digit of r(6)?
1
Let o = -206 - -1968. What is the thousands digit of o?
1
What is the tens digit of 13 + -26 + 17 + 4*33?
3
Let t = 3989 - -1934. What is the hundreds digit of t?
9
Let t(q) = -7*q - 17 + 4*q + 6*q + 2. What is the units digit of t(16)?
3
Suppose 3*u - s = 16, -2*u + 3*s + 14 = -s. Let w(z) = z + 8. What is the tens digit of w(u)?
1
Let z = -1803 - -3029. What is the hundreds digit of z?
2
Suppose 3*i = -v + 397, -i + 2*v = -5*i + 528. What is the hundreds digit of i?
1
Suppose 31*y = 21*y + 380. What is the units digit of y?
8
Suppose -2*r - b = -3*r + 323, -5*r + 2*b = -1621. Let s be (-4)/(-18) + (-87)/27. What is the units digit of r/15 - (-2)/s?
1
Let r(q) = 63*q - 18. What is the tens digit of r(14)?
6
Suppose 612 = 3*w - 4*h, w - 2*h = 84 + 122. What is the hundreds digit of w?
2
Let n(z) = 134*z**2 - 5. Let s be n(2). Suppose 0 = -4*h + 197 + s. What is the tens digit of h?
8
Let a(n) = n**2 + 25*n - 26. Let m be a(-23). Let u = m - -126. What is the tens digit of u?
5
Let d(u) = 13*u - 13. Suppose -8 = -7*v + 5*v. Suppose 4*z + 16 = 0, 2*z + 20 = v*h + z. What is the tens digit of d(h)?
3
Let j = 0 - -4. Suppose 0*h + 5*h - 142 = -j*i, h - 36 = -i. Suppose -v - 29 = -2*u, -2*u + i = -6*v + 2*v. What is the tens digit of u?
1
Suppose z + 58 = 2*z - c, 2*z = -2*c + 108. What is the units digit of z?
6
Let v(i) = -59*i + 15. Let l(b) = 20*b - 5. Let g(o) = 7*l(o) + 2*v(o). What is the tens digit of g(2)?
3
Let x be 40/18 - (-8)/(-36). Suppose 2*h + f - 122 = 6*f, 3*h = x*f + 161. Suppose -7 = 4*a - h. What is the tens digit of a?
1
Let i(b) = -b**3 - 19*b**2 - 26*b + 2. Suppose 4*x + 56 = 4*z, 3*x + 18 + 20 = 4*z. What is the tens digit of i(x)?
4
Suppose 2*j - 2*o = 130, 248 = -3*j + 7*j - o. What is the units digit of j?
1
Let k = 93 - 93. Suppose k = -5*v + 15, -4*m = m - 3*v - 46. What is the units digit of m?
1
Suppose 2*v - 9 = 3*l, 3*v = -l - 4 + 12. Suppose v*m + m = 0. Suppose m = 3*t + 21 - 54. What is the units digit of t?
1
Let i(g) = 3*g + 13. Suppose 3 + 47 = 5*l. What is the units digit of i(l)?
3
Let v be 2/4*(-6 + 6). Suppose 2*d - 3*d + 70 = v. Let p = d - 33. What is the tens digit of p?
3
Suppose 2*z = h - 780, -2*h + 2005 = 4*z + 469. What is the tens digit of h?
7
Let m(i) = i + 10. Let h be m(-8). Let f = 30 - h. Suppose 61 = 4*s - 3*c - f, 4*c = -4*s + 96. What is the tens digit of s?
2
Let s(w) = 7*w - 70. What is the tens digit of s(47)?
5
Suppose -7*t = -3*t - 2*y + 770, t + 5*y + 198 = 0. Let b be t/(-5) + 26/65. Suppose -l + 3 = -0*l, 0 = -3*v + l + b. What is the tens digit of v?
1
Let g = -11 - 4. What is the tens digit of 17 + g - (-9